 is q(d)?
0
Let o(x) = 0*x + x - 3*x. Let s be (-2)/(8/(-4)) - 2. Give o(s).
2
Let u = -24 + 30. Let i(o) = o**3 - o**2 - o. Let d(g) = -5*g**2 + 2*g - 1. Let p(m) = -d(m) - i(m). Determine p(u).
-5
Suppose -3*f + 4*t = 11, -4*f + 5*f - 3*t = -7. Let d(g) = -9*g**3 - 2*g**2 + 1. What is d(f)?
8
Let q(t) be the third derivative of -t**6/120 - 7*t**5/60 + 3*t**4/8 + t**3 - 17*t**2. Give q(-8).
-2
Let t(a) = 9*a**2 - 16*a + 11. Let s(q) = -2*q**2 + 3*q - 2. Suppose 2*r + 4 = 4*g, -3*g + g - 2*r = -8. Let k(y) = g*t(y) + 11*s(y). Give k(1).
-3
Let a(d) = -d - 12. Let c = 10 + -16. Calculate a(c).
-6
Let i(a) = -a**2 - a - 3. Let t(p) = p. Let h(z) = i(z) + 6*t(z). Suppose 24*q - 6 = 22*q. Calculate h(q).
3
Let f(a) = -a**2 - 5*a - 3. Let q = -3 + -16. Let h = q - -16. Calculate f(h).
3
Let r = -7 + 9. Let u(f) be the first derivative of f**3/3 - f**2 - f + 1. Calculate u(r).
-1
Let o(s) = -s**2 - 7*s - 7. Let f be o(-6). Let v(q) be the second derivative of -3*q**5/10 + q**4/6 + q**3/6 - 3*q. Calculate v(f).
7
Let p(d) = -d**3 + 4*d**2 - 3*d + 5. Let c = 4 + -7. Let n be 4/12 - (-34)/c. Let f = 15 + n. What is p(f)?
-7
Let j be -1 + (-4)/(12/7)*3. Let m(a) = -a**2 - 10*a - 2. Give m(j).
14
Let b(p) = -2*p**2 + 10*p + 3. Let m be b(5). Let g(v) = v**3 - 5*v**2 + 4*v. Give g(m).
-6
Let q = 9 - 8. Let u(o) = 9*o**2. What is u(q)?
9
Let d(u) = -4*u**2 + 10*u - 4. Let y(a) = -5*a**2 + 11*a - 4. Let h(b) = -6*d(b) + 5*y(b). What is h(-5)?
4
Let j(k) = 44*k**2 + 0*k - 45*k**2 - 6*k + 2. Calculate j(-7).
-5
Let t be (-6)/18 - (-38)/6. Let l(o) = 3 + 6*o - 2*o**2 + 0 - o - t. What is l(3)?
-6
Let t = 2 - -4. Let f(a) = a**3 - 5*a**2 - 5*a. Determine f(t).
6
Let y(i) = 5*i - 11*i - 1 + 3. Let h(d) = -d**2 + 2*d - 2. Let n be h(0). Determine y(n).
14
Let d(l) be the third derivative of l**4/24 - l**3/3 + 44*l**2. Calculate d(6).
4
Let p(t) = t**2 + 2. Let w be (-21)/(-5) - 5/25. Suppose -w = b - 3*i + 2, 0 = 4*b - 5*i + 10. Let s = 0 + b. Calculate p(s).
2
Let w(r) be the second derivative of -7*r**6/720 + r**5/120 - r**4/6 - 4*r. Let u(q) be the third derivative of w(q). Determine u(-1).
8
Let x = 1 - -3. Let o be (-1 + x)/(6/4). Let a(l) = 3*l**2 + l**3 + 0*l + l**o + 5*l - 4 + 6. Give a(-3).
-4
Let p be 2/3*(-45)/(-6). Let b(h) = -2 - 7*h + 0 - 2 + p. What is b(1)?
-6
Let r(x) = -x**2 - x + 1. Let w be 75/(-35) - (-3)/21. Determine r(w).
-1
Let h(m) = -m**2 + 3*m + 4. Let g be (-2)/(-2)*(-7)/(-7). Let w be g/(2/40*4). Give h(w).
-6
Let m be (-3 - -1) + 3 + -5. Let o(y) = -3 + y - 3*y + 0*y. Give o(m).
5
Let c(x) = -x**2 - 4*x + 7. Let l(o) = 0 + o**2 + 7 + 10*o + 4. Let u be l(-8). Determine c(u).
2
Let m(q) = -q + 2. Let h = 23 - 5. Let b = h + -21. Determine m(b).
5
Let l(v) = -v**3 + v**2 + 3*v - 3. Let y(x) be the first derivative of x**2 + 4*x + 3. Let m be y(-10). Let q be m/(-12) - 4/(-6). Determine l(q).
-1
Let d(i) = i**2 + i + 1. Let a(h) = -5*h**2 - 11*h - 14. Let k(y) = -a(y) - 6*d(y). Give k(7).
-6
Let t(j) = -4*j**2 + 7 + 9*j - 5*j**2 - 7*j**3 + 4*j**2 + 4. Let z(u) = -11*u**3 - 7*u**2 + 13*u + 17. Let p(m) = -8*t(m) + 5*z(m). Determine p(-6).
3
Let c(h) = -2*h**2 + 6*h - 5. Let u(a) = 4*a**2 - 13*a + 11. Let q(w) = 13*c(w) + 6*u(w). What is q(-2)?
-7
Let a = 6 + -3. Suppose a*i + 1 = -0*p + p, -12 = 2*i + 5*p. Let h(k) = 7*k. Give h(i).
-7
Let b(x) = -x**2 + 6*x + 0*x**2 - 2*x + 5. Suppose -7*d + 48 = -3*d. Let k be (-4)/6 - (-68)/d. Determine b(k).
0
Let r(m) = -m**2 + 10*m + 16. Let l be r(11). Suppose 38 = l*p - 2*t, -p - 3*t = -7*t - 22. Let a(i) = -i**2 + 5*i + 6. Calculate a(p).
0
Let d(s) = 3*s**3 + 6*s**2 - 2*s - 4. Let h(o) = -o**3 - o**2 + o + 1. Let f(g) = -d(g) - 4*h(g). Calculate f(3).
3
Let f be (-99)/(-22) + (0 - 3/(-2)). Let c(w) = w - 2*w**3 + 6*w**2 - 3*w**3 - 2 + 4*w**3. What is c(f)?
4
Let z(s) = -5 + 4*s - 9*s - s**3 + 4*s + 2*s. Determine z(0).
-5
Let k = 6 - 3. Let a(n) = n**3 - 4*n**2 + 4*n. Give a(k).
3
Let v(p) = 3*p - 6. Suppose 6 = 2*g, 3*l - g = -2 - 16. Let n(b) = -b + 1. Let y(z) = l*n(z) - v(z). Give y(4).
9
Let y = -5 + 10. Let w(v) = 3*v**2 + 4*v - y*v**2 + 5 + v**2 + 2*v**2. Determine w(-4).
5
Suppose -3 + 5 = -y + 5*z, 5*z - 110 = 5*y. Let n be 6/(-21) + y/(-21). Let s(i) = 7*i**3 + 2*i - 1. Determine s(n).
8
Let q(g) = -g**3 + 4*g**2 - 2*g + 4. Let b be (-1)/4 + 270/(-40). Let x be (-2)/(-7) - 19/b. What is q(x)?
7
Let d = 4 + -7. Let s(w) = -2*w**3 - 21*w**2 - 19*w + 15. Let o(z) = z**3 + 10*z**2 + 9*z - 7. Let j(i) = -13*o(i) - 6*s(i). Determine j(d).
1
Let p(h) = 56 - 60 + h + 0*h. Suppose -2 = -f + 2. Determine p(f).
0
Let q(b) = -7*b. Suppose 2*y = -4*u + 2, -y + 15 = 2*y + 2*u. Suppose 3*p = -y + 4. Calculate q(p).
7
Let x(q) = q + 3. Suppose 3*a + 16 = 7*a. Determine x(a).
7
Let i(v) = -2*v + 249 + 5*v**2 - 3*v**2 - 251. Determine i(3).
10
Let y(c) be the first derivative of -8/3*c**3 - 9 - c + 0*c**2. Determine y(1).
-9
Let p(m) = m - 2. Let h be p(2). Let d(k) = k**3 - 3*k**2 - 4*k + 2. Let c be d(4). Let t(s) = 3 - 6 + h*s + s - c. Calculate t(0).
-5
Let m(f) be the second derivative of -f**5/20 + f**4/6 - f**3/3 + f**2/2 + f. Let x be m(1). Let t(z) = x*z**3 + 5*z**3 - 8 + z + 0*z - 4*z**3. What is t(0)?
-8
Let d = 8 + -1. Suppose 0 = 4*p - 5 - d. Let t(l) = 10*l**2 + 4*l + 16. Let y(n) = -7*n**2 - 3*n - 11. Let k(x) = -5*t(x) - 7*y(x). What is k(p)?
-9
Let q(h) = -5 + 2 - h + 2. Calculate q(1).
-2
Let u be ((-12)/16)/(3/(-2) - 3). Let a(m) be the second derivative of -2*m**2 - 3*m + 0 - u*m**3. Give a(3).
-7
Let s(g) = -g**3 - 4*g**2 + 3*g - 4. Let h = 5 + -6. Let c be (h/(-3))/((-1)/15). Calculate s(c).
6
Let o(x) be the second derivative of -x**3/6 - 9*x**2/2 + x. Suppose -4*c = i + 22, 0 = 4*c + c + 20. Calculate o(i).
-3
Let g(t) be the third derivative of -t**6/180 - t**5/120 + t**4/24 - t**3/3 - t**2. Let z(a) be the first derivative of g(a). Give z(-2).
-5
Let q(k) be the second derivative of 0 + k + 1/3*k**3 + 2*k**2. Calculate q(-4).
-4
Let c(m) = -m + 2. Let l(d) = d - 3. Let n(a) = -3*c(a) - 2*l(a). What is n(3)?
3
Suppose 4*k - 44 + 4 = 0. Suppose 3*t - k = t. Let v(h) be the second derivative of h**5/20 - h**4/2 + 2*h**3/3 + h**2 + h. Determine v(t).
-3
Let m be (9/15)/(3/15). Let q(o) = -2 - 6*o**2 + 3*o**2 + 4*o - 3 + m. Determine q(2).
-6
Let m(h) = -h**2 + 6*h + 3. Let w be m(6). Let f(k) be the first derivative of k**4/4 - 5*k**3/3 + 5*k**2/2 - 4*k - 10. Give f(w).
-7
Let f(d) = -d**2 - 4*d. Let c(u) = u**2 + 4*u - 2. Let g be c(-3). Let o be 2/g - (-852)/30. Suppose 0 = 4*a - 8 + o. What is f(a)?
-5
Suppose 0 = -q - 3*u + 5, 3*q + 13 = -5*u + 3*u. Let h(j) = j + 7. Determine h(q).
0
Let u(r) = -r**3 + 4*r**2 + r - 2. Let d(o) = -o - 4. Let m(z) = -z**3 + 7*z**2 - 7*z. Let c be m(6). Let n be d(c). Calculate u(n).
8
Let u = -6 + 9. Let l(p) = 87 + u*p**3 - 91 - 4*p**3. Give l(0).
-4
Let d(c) = 5*c - 8. Let b(s) = -2*s + 3. Let k(t) = 17*b(t) + 6*d(t). Determine k(-4).
19
Let o(d) be the third derivative of -d**5/30 + d**3/3 - 2*d**2. What is o(-2)?
-6
Let a(y) = 3*y. Suppose 4*u = j - 0*u, 2*u = -3*j - 14. Give a(j).
-12
Let i(c) = -c**2 - 3*c + 4. Let g(b) = 3*b - 37. Let l be g(11). Determine i(l).
0
Let d(a) = 3*a**2 - a**2 + 2 - a**2 + 3*a. Let w(m) be the first derivative of -3*m**4/4 - 2*m**3/3 + m**2 - m - 4. Let v be w(1). Give d(v).
6
Let c(l) = -l. Let s be c(3). Let v(i) be the first derivative of -i**2/2 - 4*i + 3. Determine v(s).
-1
Let l(d) = 14*d - 14*d + d**2 - 5. Let v be l(0). Let a(o) = -o**2 - 5*o - 3. Give a(v).
-3
Let d = 4 - 1. Let v(o) = d*o + 2*o - 3*o - o. Give v(-4).
-4
Let z(u) = -3*u**2 + 2*u + 3. Let r(q) = -q**3 + 9*q**2 + 11*q - 7. Let g be r(10). What is z(g)?
-18
Let q(i) = 0*i + 3*i**2 - 3*i**3 + 2 + 2*i + 2*i**3. Determine q(4).
-6
Let n(m) = m**3 + 2*m**2 - 4*m + 1. Let u(z) = z**2 + 3*z - 5. Let d be u(-4). Let o be (3 - 4)*-3*d. Give n(o).
4
Suppose m - 6*m = 2*r - 34, 3*r - 5*m = 1. Let z(g) = 2*g - 1 + r + 1. Give z(-5).
-3
Let g(d) = d**2 - 4*d + 2. Suppose 0*c + c + 2 = 0. Let q = -1 - c. Let b be (3 + 3)/q - 1. Give g(b).
7
Suppose 4 = 4*m - 8. Suppose 0 = o + m*g - 15, 2*o + 2*g = 14 - 0. Let v(c) = -3*c**3 - 2 - c + 4*c**2 + 0 + 2*c**3. Determine v(o).
4
Let p(d) = 2*d. Suppose 2*a = 5*g - 2*a - 36, 0 = -4*a - 16. Let x be (